{"id":182,"date":"2018-12-22T00:51:04","date_gmt":"2018-12-22T00:51:04","guid":{"rendered":"https:\/\/dieterwolf.net\/wordpress\/?page_id=182"},"modified":"2024-11-05T10:48:58","modified_gmt":"2024-11-05T09:48:58","slug":"auszuege-aus-buechern","status":"publish","type":"page","link":"https:\/\/dieterwolf.net\/wordpress\/?page_id=182","title":{"rendered":"Ausz\u00fcge aus B\u00fcchern"},"content":{"rendered":"\n<h2 class=\"has-medium-font-size\"><a href=\"https:\/\/www.google.com\/url?sa=t&amp;source=web&amp;rct=j&amp;opi=89978449&amp;url=https:\/\/dieterwolf.net\/wordpress\/&amp;ved=2ahUKEwjO1tnOlcGJAxWzgf0HHRVtNFsQFnoECBwQAQ&amp;usg=AOvVaw1bwzLzOmAH3NtAxuz5ENnu\"><strong>dieterwolf.net<\/strong><\/a> <strong>(Men\u00fc)<\/strong><\/h2>\n\n\n\n<h2 class=\"has-black-color has-text-color has-medium-font-size\"> <strong>Suchfunktion  Strg F<\/strong><br><br><strong>Dialektik: Inhaltsverzeichnis zu dem Buch Der dialektische Widerspruch im <\/strong><em><strong>Kapital<\/strong><\/em><strong>. Ein Beitrag zur Marxschen Werttheorie, Hamburg 2002. <\/strong><br><\/h2>\n\n\n\n<p class=\"has-text-align-left has-vivid-cyan-blue-color has-text-color\" style=\"font-size:24px\"><strong>Als PDF: <\/strong><a href=\"https:\/\/dieterwolf.net\/wordpress\/wp-content\/uploads\/2018\/12\/Dialektische-Widerspruch-Inhalt.pdf\"><strong>Dialektische Widerspruch in Marx\u2019 Kapital Inh<\/strong><\/a><strong>alt<\/strong><br><\/p>\n\n\n\n<p>\n\n &#8212;&#8212;&#8212;&#8212;&#8212;&#8212;&#8212;&#8212;&#8212;&#8212;&#8212;&#8212;&#8212;&#8212;&#8212;&#8212;&#8212;&#8212;&#8212;&#8212;&#8212;&#8212;&#8212;&#8212;&#8212;&#8212;&#8212;&#8212;&#8212;&#8212;&#8212;&#8212;&#8212;&#8212;&#8212;&#8212;&#8212;&#8212;&#8212;&#8212;&#8212;&#8212;&#8212;&#8212; \n\n<\/p>\n\n\n\n<h2><strong>Dialektische Widerspruch Sprinquell aller Dialektik Einleitung<\/strong><\/h2>\n\n\n\n<div class=\"wp-block-image\"><figure class=\"alignright\"><img loading=\"lazy\" width=\"200\" height=\"289\" src=\"https:\/\/dieterwolf.net\/wordpress\/wp-content\/uploads\/2018\/12\/Dialektische-Widerspruch-im-Kapital-5.jpg-5.jpg\" alt=\"\" class=\"wp-image-898\" srcset=\"https:\/\/dieterwolf.net\/wordpress\/wp-content\/uploads\/2018\/12\/Dialektische-Widerspruch-im-Kapital-5.jpg-5.jpg 200w, https:\/\/dieterwolf.net\/wordpress\/wp-content\/uploads\/2018\/12\/Dialektische-Widerspruch-im-Kapital-5.jpg-5-173x250.jpg 173w, https:\/\/dieterwolf.net\/wordpress\/wp-content\/uploads\/2018\/12\/Dialektische-Widerspruch-im-Kapital-5.jpg-5-92x133.jpg 92w\" sizes=\"(max-width: 200px) 100vw, 200px\" \/><\/figure><\/div>\n\n\n\n<p><strong>Dialektik: Zum \u00bbHegelschen Widerspruch\u00ab, dem \u00bbSpringquell aller Dialektik und zum dialektischen Widerspruch zwischen dem Gebrauchswert und dem Wert, dem Springquell der Kritik der politischen \u00d6konomie. Die b\u00fcrgerliche Gesellschaft und ihre wissenschaftliche (dialektische) Darstellung usf.<\/strong>  <br>Auszug aus Dieter Wolf: Der <strong>dialektische Widerspruch<\/strong> im Kapital. Ein Beitrag zur <strong>Marxschen Werttheorie,<\/strong> Hamburg 2002, <strong>Einleitung Seite 9 \u2013 45<\/strong>. <br><\/p>\n\n\n\n<p class=\"has-text-align-left has-vivid-cyan-blue-color has-text-color\" style=\"font-size:24px\"><strong>Als PDF: <a rel=\"noreferrer noopener\" href=\"https:\/\/dieterwolf.net\/wordpress\/wp-content\/uploads\/2019\/01\/Dialektik-Dialektische-Widerspruch-Springquell-aller-Dialektik.pdf\" target=\"_blank\">Dialektische Widerspruch Sprinquell aller Dialektik  Einleitung<\/a><\/strong><\/p>\n\n\n\n<h3 class=\"has-text-align-left\"> &#8212;&#8212;&#8212;&#8212;&#8212;&#8212;&#8212;&#8212;&#8212;&#8212;&#8212;&#8212;&#8212;&#8212;&#8212;&#8212;&#8212;&#8212;&#8212;&#8212;&#8212;&#8212;&#8212;&#8212;&#8212;&#8212;&#8212;&#8212;&#8212;&#8212;&#8212;&#8212;&#8212;&#8212;&#8212;&#8212;&#8212;&#8212;&#8212;&#8212;&#8212;&#8212;&#8212;&#8212;<\/h3>\n\n\n\n<h2>    <br><strong>Dialektik der Wertform: Dialektische Widerspruch: Die Wertformen als L\u00f6sungsbewegungen des dialektischen Widerspruchs zwischen dem Gebrauchswert und dem Wert der Waren.<\/strong><\/h2>\n\n\n\n<p class=\"has-medium-font-size\"><strong> Auszug aus Dieter Wolf: Der dialektische Widerspruch im <em>Kapital<\/em>.<\/strong> Ein Beitrag zur <strong>Marxschen Werttheorie, <\/strong>Hamburg 2002<strong>, <\/strong>Teil 2, Seite 103-223.&nbsp;<br><\/p>\n\n\n\n<p class=\"has-text-align-left has-vivid-cyan-blue-color has-text-color\" style=\"font-size:24px\"><strong>Als&nbsp;PDF:<\/strong>&nbsp;<a rel=\"noreferrer noopener\" href=\"https:\/\/dieterwolf.net\/wordpress\/wp-content\/uploads\/2019\/01\/Dialektik-der-Wertformen-L%C3%B6sungsbewegungen-des-dialektischen-Widerspruchs-zwischen-Gebrauchswert-und-Wert.pdf\" target=\"_blank\"><strong>Dialektik der Wertform<\/strong><\/a><\/p>\n\n\n\n<p> &#8212;&#8212;&#8212;&#8212;&#8212;&#8212;&#8212;&#8212;&#8212;&#8212;&#8212;&#8212;&#8212;&#8212;&#8212;&#8212;&#8212;&#8212;&#8212;&#8212;&#8212;&#8212;&#8212;&#8212;&#8212;&#8212;&#8212;&#8212;&#8212;&#8212;&#8212;&#8212;&#8212;&#8212;&#8212;&#8212;&#8212;&#8212;&#8212;&#8212;&#8212;&#8212;&#8212;&#8212;  <\/p>\n\n\n\n<h2 class=\"has-text-align-left\"><strong>Die Wertform und die dialektische Methode. Zur Deutung der Dialektik der Wertform durch&nbsp; <em>Hans Georg Backhaus<\/em> <\/strong><\/h2>\n\n\n\n<p><br><strong> Dass Backhaus auf dem Umweg \u00fcber Hegel den Ma\u00dfstab formuliert, den man an Marx\u2019 Entwicklung der einfachen Wertform anzulegen hat, zeigt, dass es zwar zwischen Marx und Hegel Gemeinsamkeiten gibt, hinter denen sich aber wesentliche Unterschiede verbergen. Diese Unterschiede sind es, die Backhaus nicht wahrnimmt und die ihn daran hindern zu erkennen, dass im <em>Kapital<\/em>  genau das gemacht wird, was er  sich ansonsten  allgemein von der \u00bbdialektischen Methode\u00ab erwartet. <br><\/strong><\/p>\n\n\n\n<p class=\"has-text-align-left has-vivid-cyan-blue-color has-text-color\" style=\"font-size:24px\"><strong>Als&nbsp;PDF: <\/strong><a rel=\"noreferrer noopener\" href=\"https:\/\/dieterwolf.net\/wordpress\/wp-content\/uploads\/2019\/01\/Dialektik-der-Wertform-Kritik-an-Hans-Georg-Backhaus.pdf\" target=\"_blank\"><strong>Zur Dialektik der Wertform von Hans Georg Backhaus<\/strong><\/a><\/p>\n\n\n\n<p>\n\n &#8212;&#8212;&#8212;&#8212;&#8212;&#8212;&#8212;&#8212;&#8212;&#8212;&#8212;&#8212;&#8212;&#8212;&#8212;&#8212;&#8212;&#8212;&#8212;&#8212;&#8212;&#8212;&#8212;&#8212;&#8212;&#8212;&#8212;&#8212;&#8212;&#8212;&#8212;&#8212;&#8212;&#8212;&#8212;&#8212;&#8212;&#8212;&#8212;&#8212;&#8212;&#8212;&#8212;&#8212; \n\n<\/p>\n\n\n\n<h2 class=\"has-text-align-left\"><strong>Dialektik: Hegel, Marx, Wertform. Kritik an Hegelianisierenden Auffassungen von der <\/strong><em><strong>Einheit des Gegensatzes von Gebrauchswert und Wert. <\/strong><\/em><br><\/h2>\n\n\n\n<p class=\"has-text-align-left has-vivid-cyan-blue-color has-text-color\" style=\"font-size:24px\"><strong>Als PDF:&nbsp;<\/strong><a rel=\"noreferrer noopener\" href=\"https:\/\/dieterwolf.net\/wordpress\/wp-content\/uploads\/2018\/12\/DialWidWertformhegelei.pdf\" target=\"_blank\"><strong>Hegel, Marx, Hegelianisierung der Wertform<\/strong><\/a><\/p>\n\n\n\n<p> &#8212;&#8212;&#8212;&#8212;&#8212;&#8212;&#8212;&#8212;&#8212;&#8212;&#8212;&#8212;&#8212;&#8212;&#8212;&#8212;&#8212;&#8212;&#8212;&#8212;&#8212;&#8212;&#8212;&#8212;&#8212;&#8212;&#8212;&#8212;&#8212;&#8212;&#8212;&#8212;&#8212;&#8212;&#8212;&#8212;&#8212;&#8212;&#8212;&#8212;&#8212;&#8212;&#8212;&#8212; <\/p>\n\n\n\n<h2 class=\"has-text-align-left\"><strong>Der Warenfetisch und der Widerspruch zwischen dem Gebrauchswert und dem Wert.&nbsp;<\/strong><\/h2>\n\n\n\n<p class=\"has-text-align-left has-medium-font-size\"> Enth\u00e4lt eine Kritik an dem, was<strong>&nbsp;<\/strong><em> <strong>Lucio &nbsp;Colletti <\/strong>&nbsp;und&nbsp; <strong>Hans Friedrich Fulda<\/strong><\/em><strong>&nbsp;<\/strong>im Unterschied zu Marx<strong> unter dem dialektischen Widerspruch und der dialektischen Darstellung im Kapital verstehen. <\/strong>Auszug aus Dieter Wolf: Der dialektische Widerspruch im Kapital. Ein Beitrag zur Marxschen Werttheorie, Hamburg 2002, Kapitel 3: S. 249-313  <\/p>\n\n\n\n<p class=\"has-text-align-left has-vivid-cyan-blue-color has-text-color\" style=\"font-size:24px\"><strong>Als PDF:  <\/strong><a href=\"https:\/\/dieterwolf.net\/wordpress\/wp-content\/uploads\/2019\/01\/Dialektik-Der-Warenfetisch-und-der-Widerspruch-zwischen-dem-Gebrauchswert-und-dem-Wert.-Lucio-Colletti-und-Hans-Friedrich-Fulda.pdf\"><strong>Dialektik Der Warenfetisch und der Widerspruch zwischen dem Gebrauchswert und dem Wert. Lucio Colletti und Hans Friedrich Fulda<\/strong><\/a><\/p>\n\n\n\n<p class=\"has-vivid-cyan-blue-color has-text-color\">\n\n&#8212;&#8212;&#8212;&#8212;&#8212;&#8212;&#8212;&#8212;&#8212;&#8212;&#8212;&#8212;&#8212;&#8212;&#8212;&#8212;&#8212;&#8212;&#8212;&#8212;&#8212;&#8212;&#8212;&#8212;&#8212;&#8212;&#8212;&#8212;&#8212;&#8212;&#8212;&#8212;&#8212;&#8212;&#8212;&#8212;&#8212;&#8212;&#8212;&#8212;&#8212;&#8212;&#8212;&#8212;  \n\n<\/p>\n\n\n\n<h2 class=\"has-text-align-left\"><strong>Zum Verh\u00e4ltnis von dialektischem und logischem Widerspruch.<\/strong><\/h2>\n\n\n\n<p class=\"has-text-align-left has-medium-font-size\"><strong> Eine Kritik an&nbsp;<\/strong><em>Gerhard G\u00f6hler<\/em>&nbsp;Auszug aus Dieter Wolf: Der dialektische Widerspruch im Kapital.<br>Ein Beitrag zur Marxschen Werttheorie, Hamburg 2002, Kapitel 6: S. 224-248.<strong>&nbsp;<\/strong><br><br>Der der Ware immanente Widerspruch zwischen dem Gebrauchswert und dem Wert, den G\u00f6hler als solchen \u00fcberhaupt nicht zu fassen bekommt, hat nichts mit dem zu tun, was dieser sich unter einem &#8222;logischen Widerspruch&#8220; vorstellt, geschweige denn, dass er mit einem solchen konfligiert. Ein Widerspruch von dieser Art, der etwas Unsinniges, Widersinniges ist, wird von Marx selbst als ein &#8222;contradictio in adjecto&#8220; bezeichnet.<br><\/p>\n\n\n\n<p class=\"has-text-align-left has-vivid-cyan-blue-color has-text-color\" style=\"font-size:24px\"><strong>Als PDF: <\/strong><a rel=\"noreferrer noopener\" href=\"https:\/\/dieterwolf.net\/wordpress\/wp-content\/uploads\/2018\/12\/Dialektischer-Widerspruch-und-logischer-Widerspruch.pdf\" target=\"_blank\"><strong>Dialektischer Widerspruch Logischer Widerspruch<\/strong><\/a><\/p>\n\n\n\n<p>\n\n&#8212;&#8212;&#8212;&#8212;&#8212;&#8212;&#8212;&#8212;&#8212;&#8212;&#8212;&#8212;&#8212;&#8212;&#8212;&#8212;&#8212;&#8212;&#8212;&#8212;&#8212;&#8212;&#8212;&#8212;&#8212;&#8212;&#8212;&#8212;&#8212;&#8212;&#8212;&#8212;&#8212;&#8212;&#8212;&#8212;&#8212;&#8212;&#8212;&#8212;&#8212;&#8212;&#8212;&#8212; \n\n<\/p>\n\n\n\n<h2 class=\"has-text-align-left\"><strong>Marx\u2018 Kritik des Hegelschen Staatsrechts.<\/strong><br><strong>Der Begriff des dialektischen Widerspruchs in Marx\u2018 Kritik des Hegelschen Staatsrechts.<\/strong><\/h2>\n\n\n\n<p class=\"has-text-align-left has-medium-font-size\"><strong> <\/strong>Auszug aus dem Buch<strong> <\/strong>\u00bbDer dialektische Widerspruch im Kapital\u00ab <\/p>\n\n\n\n<ul><li><strong>Marx\u2019 Auffassung vom \u00bbwirklichen Gegensatz\u00ab und von der \u00bbDifferenz innerhalb der Existenz eines Wesens\u00ab in der \u00bbKritik des Hegelschen Staatsrechts\u00ab<\/strong><\/li><\/ul>\n\n\n\n<ul><li><strong>Der Widerspruch zwischen dem Gebrauchswert und dem Wert der Waren als \u00bbDifferenz innerhalb der Existenz eines Wesens\u00ab, welche den Charakter \u00bbeines wirklichen Gegensatzes\u00ab besitzt<\/strong><\/li><\/ul>\n\n\n\n<ul><li><strong>Der \u00bbwesentliche Widerspruch\u00ab und der \u00bbWiderspruch der Erscheinung\u00ab.<\/strong><\/li><\/ul>\n\n\n\n<p class=\"has-text-align-left has-vivid-cyan-blue-color has-text-color\" style=\"font-size:24px\"> <strong>Als PDF<\/strong>: <a href=\"https:\/\/dieterwolf.net\/wordpress\/wp-content\/uploads\/2018\/12\/Dialektischer_Widerspruch_Hegels_Staatsrecht.pdf\">Hegels Staatsrecht Dialektischer Widerspruch<\/a><br><\/p>\n\n\n\n<p class=\"has-very-dark-gray-color has-text-color\">  &#8212;&#8212;&#8212;&#8212;&#8212;&#8212;&#8212;&#8212;&#8212;&#8212;&#8212;&#8212;&#8212;&#8212;&#8212;&#8212;&#8212;&#8212;&#8212;&#8212;&#8212;&#8212;&#8212;&#8212;&#8212;&#8212;&#8212;&#8212;&#8212;&#8212;&#8212;&#8212;&#8212;&#8212;&#8212;&#8212;&#8212;&#8212;&#8212;&#8212;&#8212;&#8212;&#8212;&#8212;  <\/p>\n\n\n\n<h2 class=\"has-text-align-left\"><strong>Unterschiedliche Typen von Dialektik im \u201eKapital\u201c und in \u201eZur Kritik der Politischen \u00d6konomie\u201c?<\/strong><\/h2>\n\n\n\n<p class=\"has-text-align-left has-medium-font-size\"><br><strong> Auszug aus: <\/strong> <em><strong>Dieter Wolf<\/strong><\/em>, <strong>Warenzirkulation und Warenfetisch<br>Eine Untersuchung zum systematischen Zusammenhang der drei ersten Kapitel des \u201eKapital\u201c<\/strong>Die Warenzirkulation als abstrakte Sph\u00e4re des Kapitals, Waren-und Geldfetisch. Hamburg 1984<\/p>\n\n\n\n<p class=\"has-text-align-left has-vivid-cyan-blue-color has-text-color\" style=\"font-size:24px\">Als PDF: <strong><a href=\"https:\/\/dieterwolf.net\/wordpress\/wp-content\/uploads\/2020\/12\/Einleitung-Typen-von-Dialektik.pdf\">Unterschiedliche Typen von Dialektik<\/a><\/strong><\/p>\n\n\n\n<p>&#8212;&#8212;&#8212;&#8212;&#8212;&#8212;&#8212;&#8212;&#8212;&#8212;&#8212;&#8212;&#8212;&#8212;&#8212;&#8212;&#8212;&#8212;&#8212;&#8212;&#8212;&#8212;&#8212;&#8212;&#8212;&#8212;&#8212;&#8212;&#8212;&#8212;&#8212;&#8212;&#8212;&#8212;&#8212;&#8212;&#8212;&#8212;&#8212;&#8212;&#8212;&#8212;&#8212;&#8212;<\/p>\n\n\n\n<h2 class=\"has-text-align-left\"><strong>Zur \u00bbunmittelbaren und vermittelten Gesellschaftlichkeit der Arbeit\u00ab.<\/strong><br><strong>Entfremdung im <em>Kapital<\/em> von Karl Marx.<\/strong> Eine<strong> Kritik an&nbsp; <\/strong><em><strong>MichaelTheunissen&nbsp; <\/strong>und&nbsp; <strong>Ernst Michael Lange<\/strong><\/em><strong>,<\/strong><\/h2>\n\n\n\n<p class=\"has-medium-font-size\"> Auszug aus Dieter Wolf: Der dialektische Widerspruch im Kapital. Ein Beitrag zur Marxschen Werttheorie, Hamburg 2002, Anhang S. 435-472.   <\/p>\n\n\n\n<p class=\"has-text-align-left has-vivid-cyan-blue-color has-text-color\" style=\"font-size:24px\"><strong>Als PDF: <\/strong><a href=\"https:\/\/dieterwolf.net\/wordpress\/wp-content\/uploads\/2018\/12\/Entfremdung_Theunissen_Lange.pdf\"><strong>Unmittelbare und vermittelte Gesellschaftlichkeit der Arbeit Entfremdung Theunissen Lange<\/strong><\/a><br>   <\/p>\n\n\n\n<p>\n\n&#8212;&#8212;&#8212;&#8212;&#8212;&#8212;&#8212;&#8212;&#8212;&#8212;&#8212;&#8212;&#8212;&#8212;&#8212;&#8212;&#8212;&#8212;&#8212;&#8212;&#8212;&#8212;&#8212;&#8212;&#8212;&#8212;&#8212;&#8212;&#8212;&#8212;&#8212;&#8212;&#8212;&#8212;&#8212;&#8212;&#8212;&#8212;&#8212;&#8212;&#8212;&#8212;&#8212;&#8212; \n\n<\/p>\n\n\n\n<h2 class=\"has-text-align-left\"><strong>Kant als deutscher Philosoph der franz\u00f6sischen Revolution.<\/strong><br><strong>B\u00fcrgerliche Gesellschaft (Kant, Hegel, Marx )<\/strong><\/h2>\n\n\n\n<p class=\"has-text-align-left has-medium-font-size\"><br> Der in den \u00f6konomisch-gesellschaftlichen Verh\u00e4ltnissen fehlende Zwang des sich wechselseitigen Anerkennens als Privateigent\u00fcmer wird von dem den B\u00fcrgern selbst\u00e4ndig gegen\u00fcberstehenden, nur dem Recht verpflichteten Herrscher ausge\u00fcbt. dies &#8211; so wird gezeigt &#8211;  ist, Ausdruck der zugrundeliegenden Trennung der sinnlich-nat\u00fcrlichen von der moralisch-geistigen Welt.<br> <br>Der \u00bbunendliche Progress\u00ab als Bewegungsform der Kantschen Philo\u00adsophie mit &nbsp;einer &nbsp;Randbemerkung zur Bewegungsstruktur des \u00dcbergangs von Kant zu Hegel als idealistisch verdrehter Ausdruck des \u201e\u00dcbergangs vom Geld zum Kapital\u201c <br><\/p>\n\n\n\n<p class=\"has-text-align-left has-vivid-cyan-blue-color has-text-color\" style=\"font-size:24px\"><a href=\"https:\/\/dieterwolf.net\/wordpress\/wp-content\/uploads\/2019\/06\/Kant-als-deutscher-Philosoph-der-franz\u00f6sischen-Revolution.pdf\"><\/a><strong>Als PDF:   <\/strong> <a href=\"https:\/\/dieterwolf.net\/wordpress\/wp-content\/uploads\/2019\/06\/Kant-als-deutscher-Philosoph-der-franz%C3%B6sischen-Revolution.pdf\">Kant franz\u00f6sische Revolution<\/a>  <strong>  <\/strong><\/p>\n\n\n\n<p>\n\n &#8212;&#8212;&#8212;&#8212;&#8212;&#8212;&#8212;&#8212;&#8212;&#8212;&#8212;&#8212;&#8212;&#8212;&#8212;&#8212;&#8212;&#8212;&#8212;&#8212;&#8212;&#8212;&#8212;&#8212;&#8212;&#8212;&#8212;&#8212;&#8212;&#8212;&#8212;&#8212;&#8212;&#8212;&#8212;&#8212;&#8212;&#8212;&#8212;&#8212;&#8212;&#8212;&#8212;&#8212; \n\n<\/p>\n\n\n\n<h2 class=\"has-text-align-left\">Das Kapital<strong> als <\/strong><em><strong>automatisches Subjekt <\/strong><\/em><strong>und die <\/strong><em><strong>Einheit von Darstellung und Kritik<\/strong>&nbsp;<\/em><\/h2>\n\n\n\n<p class=\"has-text-align-left has-medium-font-size\"><br>Dieser Exkurs geh\u00f6rt zu dem bereits erschienen Buch: Michael Sommer,  Dieter Wolf, Imagin\u00e4re Bedeutungen und historische Schranken der  Erkenntnis. Eine Kritik an Cornelius Castoriadis. Hamburg 2008, Argument  Verlag \u2022 ISBN 978-3-88619-344-8 ( 274 Seiten, [D]) Der Exkurs wurde  mittlerweile stark ver\u00e4ndert. Siehe im Menu unter Artikel<\/p>\n\n\n\n<p class=\"has-text-align-left has-vivid-cyan-blue-color has-text-color\" style=\"font-size:24px\"><a href=\"https:\/\/dieterwolf.net\/wordpress\/wp-content\/uploads\/2022\/11\/Automatisches_Subjekt-Kapital-Exkurs-.pdf\">Als PDF: Das Kapital als automatisches Subjekt Exkurs<\/a><\/p>\n\n\n\n<p> &#8212;&#8212;&#8212;&#8212;&#8212;&#8212;&#8212;&#8212;&#8212;&#8212;&#8212;&#8212;&#8212;&#8212;&#8212;&#8212;&#8212;&#8212;&#8212;&#8212;&#8212;&#8212;&#8212;&#8212;&#8212;&#8212;&#8212;&#8212;&#8212;&#8212;&#8212;&#8212;&#8212;&#8212;&#8212;&#8212;&#8212;&#8212;&#8212;&#8212;&#8212;&#8212;&#8212;&#8212;  <br><\/p>\n\n\n\n<h2 class=\"has-text-align-left\"><em><strong>Karl Reitters <\/strong>Kapital<\/em><strong>interpretation <\/strong>und seine Besprechung des <em>Buchs von Michael Sommer und Dieter Wolf \u00fcber \u201eCornelius Castoriadis\u201c.<\/em><\/h2>\n\n\n\n<p class=\"has-text-align-left has-medium-font-size\">Das Buch ist <strong>vollst\u00e4ndig zug\u00e4nglich unter dem Menu-Punkt \u201eB\u00fccher<\/strong>\u201c.  <\/p>\n\n\n\n<p class=\"has-vivid-cyan-blue-color has-text-color\" style=\"font-size:24px\"><em><strong>Als<\/strong> <strong>PDF:<\/strong> <\/em><strong><a rel=\"noreferrer noopener\" href=\"https:\/\/dieterwolf.net\/wordpress\/wp-content\/uploads\/2018\/12\/Karl_Reitters_Kapitalinterpretation_zweite_Natur_abstrakte_Arbeit_Buchbesprechung_Castoriadis_Aristoteles.pdf\" target=\"_blank\">Karl Reitters Kapitalinterpretation <\/a><\/strong><\/p>\n\n\n\n<p>\n\n&#8212;&#8212;&#8212;&#8212;&#8212;&#8212;&#8212;&#8212;&#8212;&#8212;&#8212;&#8212;&#8212;&#8212;&#8212;&#8212;&#8212;&#8212;&#8212;&#8212;&#8212;&#8212;&#8212;&#8212;&#8212;&#8212;&#8212;&#8212;&#8212;&#8212;&#8212;&#8212;&#8212;&#8212;&#8212;&#8212;&#8212;&#8212;&#8212;&#8212;&#8212;&#8212;&#8212;&#8212;   \n\n<\/p>\n\n\n\n<h2><strong>Zu Karl &nbsp;Reitters &nbsp;<\/strong>Verst\u00e4ndnis des Werts und der abstrakt menschlichen Arbeit<\/h2>\n\n\n\n<p class=\"has-text-align-left has-medium-font-size\">Karl &nbsp;Reitter, abstrakte Arbeit. Dieser Text geh\u00f6rt zu: Michael Sommer, Dieter Wolf, Imagin\u00e4re Bedeutungen und historische Schranken der Erkenntnis. Eine Kritik an Cornelius Castoriadis. <strong>Vollst\u00e4ndig zug\u00e4nglich unter dem Menu-Punkt \u201eB\u00fccher\u201c  <\/strong><\/p>\n\n\n\n<p class=\"has-vivid-cyan-blue-color has-text-color\" style=\"font-size:24px\"><strong>Als PDF: <\/strong><a href=\"https:\/\/dieterwolf.net\/wordpress\/wp-content\/uploads\/2018\/12\/Karl-Reitters-Verst%C3%A4ndnis-des-Werts-und-der-abstrakten-Arbeit.pdf\"><strong>Karl Reitters Verst\u00e4ndnis des Werts &nbsp;und der abstrakten Arbeit <\/strong><\/a><\/p>\n\n\n\n<p>\n\n &#8212;&#8212;&#8212;&#8212;&#8212;&#8212;&#8212;&#8212;&#8212;&#8212;&#8212;&#8212;&#8212;&#8212;&#8212;&#8212;&#8212;&#8212;&#8212;&#8212;&#8212;&#8212;&#8212;&#8212;&#8212;&#8212;&#8212;&#8212;&#8212;&#8212;&#8212;&#8212;&#8212;&#8212;&#8212;&#8212;&#8212;&#8212;&#8212;&#8212;&#8212;&#8212;&#8212;&#8212;  \n\n<\/p>\n\n\n\n<h2 class=\"has-text-align-left\"><strong>Michael Sommer Dieter Wolf,&nbsp;<\/strong>C<em>ornelius Castoriadis <\/em>und <em>Karl Poppers platonischer Idealismus<\/em><strong>.<\/strong><\/h2>\n\n\n\n<p class=\"has-text-align-left has-medium-font-size\"><strong>&nbsp;<\/strong> Dieser Text geh\u00f6rt zu: Michael Sommer, Dieter Wolf, Imagin\u00e4re Bedeutungen und historische Schranken der Erkenntnis. Eine Kritik an Cornelius Castoriadis;<strong> vollst\u00e4ndig zug\u00e4nglich unter dem Menu-Punkt \u201eB\u00fccher\u201c   <\/strong><\/p>\n\n\n\n<p class=\"has-vivid-cyan-blue-color has-text-color\" style=\"font-size:24px\"><strong>Als PDF: <a rel=\"noreferrer noopener\" href=\"https:\/\/dieterwolf.net\/wordpress\/wp-content\/uploads\/2018\/12\/Castoriadis_Popper.pdf\" target=\"_blank\">Popper versus Castoriadis <\/a><\/strong><\/p>\n\n\n\n<p>\n\n&#8212;&#8212;&#8212;&#8212;&#8212;&#8212;&#8212;&#8212;&#8212;&#8212;&#8212;&#8212;&#8212;&#8212;&#8212;&#8212;&#8212;&#8212;&#8212;&#8212;&#8212;&#8212;&#8212;&#8212;&#8212;&#8212;&#8212;&#8212;&#8212;&#8212;&#8212;&#8212;&#8212;&#8212;&#8212;&#8212;&#8212;&#8212;&#8212;&#8212;&#8212;&#8212;&#8212;&#8212;  \n\n<\/p>\n\n\n\n<h2 class=\"has-text-align-left\"><strong>Was ist abstrakte Arbeit? Michael Heinrich, Helmut Reichelt, Karl Reitte<\/strong>r und das Problem der <strong>universalhistorischen Fehldeutung der abstrakten Arbeit<\/strong>.<\/h2>\n\n\n\n<p class=\"has-text-align-left has-medium-font-size\">&nbsp;Bei dieser Abhandlung handelt es sich um einen Auszug aus Dieter Wolf, \u201eKritische Theorie und Kritik der Politischen \u00d6konomie\u201c, (Teil B. I) in:<strong> Konfusion des Wertbegriffs,<\/strong> Hamburg 2003, <strong>vollst\u00e4ndig zug\u00e4nglich unter dem Menu-Punkt \u201eB\u00fccher\u201c. <\/strong> <\/p>\n\n\n\n<p class=\"has-text-align-left has-vivid-cyan-blue-color has-text-color\" style=\"font-size:24px\"><strong>Als &nbsp;PDF: <\/strong><a href=\"https:\/\/dieterwolf.net\/wordpress\/wp-content\/uploads\/2019\/12\/Abstrakte_Arbeit_Wert.pdf\"><strong>Problem der universalhistorischen Fehldeutung der abstrakten Arbeit<\/strong><\/a>  <\/p>\n\n\n\n<p>  &#8212;&#8212;&#8212;&#8212;&#8212;&#8212;&#8212;&#8212;&#8212;&#8212;&#8212;&#8212;&#8212;&#8212;&#8212;&#8212;&#8212;&#8212;&#8212;&#8212;&#8212;&#8212;&#8212;&#8212;&#8212;&#8212;&#8212;&#8212;&#8212;&#8212;&#8212;&#8212;&#8212;&#8212;&#8212;&#8212;&#8212;&#8212;&#8212;&#8212;&#8212;&#8212;&#8212;&#8212; <\/p>\n\n\n\n<p><br><\/p>\n","protected":false},"excerpt":{"rendered":"<p>dieterwolf.net (Men\u00fc) Suchfunktion Strg F Dialektik: Inhaltsverzeichnis zu dem Buch Der dialektische Widerspruch im Kapital. Ein Beitrag zur Marxschen Werttheorie, Hamburg 2002. Als PDF: Dialektische Widerspruch in Marx\u2019 Kapital Inhalt &#8212;&#8212;&#8212;&#8212;&#8212;&#8212;&#8212;&#8212;&#8212;&#8212;&#8212;&#8212;&#8212;&#8212;&#8212;&#8212;&#8212;&#8212;&#8212;&#8212;&#8212;&#8212;&#8212;&#8212;&#8212;&#8212;&#8212;&#8212;&#8212;&#8212;&#8212;&#8212;&#8212;&#8212;&#8212;&#8212;&#8212;&#8212;&#8212;&#8212;&#8212;&#8212;&#8212;&#8212; Dialektische Widerspruch Sprinquell aller Dialektik Einleitung Dialektik: Zum \u00bbHegelschen Widerspruch\u00ab, dem \u00bbSpringquell aller Dialektik und zum dialektischen Widerspruch zwischen dem Gebrauchswert und dem Wert, [&hellip;]<\/p>\n","protected":false},"author":1,"featured_media":1158,"parent":0,"menu_order":2,"comment_status":"closed","ping_status":"closed","template":"","meta":[],"_links":{"self":[{"href":"https:\/\/dieterwolf.net\/wordpress\/index.php?rest_route=\/wp\/v2\/pages\/182"}],"collection":[{"href":"https:\/\/dieterwolf.net\/wordpress\/index.php?rest_route=\/wp\/v2\/pages"}],"about":[{"href":"https:\/\/dieterwolf.net\/wordpress\/index.php?rest_route=\/wp\/v2\/types\/page"}],"author":[{"embeddable":true,"href":"https:\/\/dieterwolf.net\/wordpress\/index.php?rest_route=\/wp\/v2\/users\/1"}],"replies":[{"embeddable":true,"href":"https:\/\/dieterwolf.net\/wordpress\/index.php?rest_route=%2Fwp%2Fv2%2Fcomments&post=182"}],"version-history":[{"count":566,"href":"https:\/\/dieterwolf.net\/wordpress\/index.php?rest_route=\/wp\/v2\/pages\/182\/revisions"}],"predecessor-version":[{"id":4697,"href":"https:\/\/dieterwolf.net\/wordpress\/index.php?rest_route=\/wp\/v2\/pages\/182\/revisions\/4697"}],"wp:featuredmedia":[{"embeddable":true,"href":"https:\/\/dieterwolf.net\/wordpress\/index.php?rest_route=\/wp\/v2\/media\/1158"}],"wp:attachment":[{"href":"https:\/\/dieterwolf.net\/wordpress\/index.php?rest_route=%2Fwp%2Fv2%2Fmedia&parent=182"}],"curies":[{"name":"wp","href":"https:\/\/api.w.org\/{rel}","templated":true}]}}